985.
5946
What is the remainder when 305875582 is divided by 3984?
3982
Calculate the remainder when 10280309 is divided by 3243.
3242
What is the remainder when 1973374 is divided by 144?
142
What is the remainder when 163603 is divided by 2588?
559
What is the remainder when 2141825 is divided by 5852?
5845
What is the remainder when 405393 is divided by 98?
65
Calculate the remainder when 3450273 is divided by 198.
123
Calculate the remainder when 987719 is divided by 429.
161
What is the remainder when 1081052 is divided by 180159?
98
What is the remainder when 337702 is divided by 21100?
102
What is the remainder when 91738 is divided by 30558?
64
Calculate the remainder when 24058182 is divided by 515.
472
What is the remainder when 114569 is divided by 57179?
211
Calculate the remainder when 277008217 is divided by 537880.
17
Calculate the remainder when 25407433 is divided by 8469138.
19
What is the remainder when 5515003 is divided by 23?
17
Calculate the remainder when 106661 is divided by 474.
11
Calculate the remainder when 61447 is divided by 149.
59
Calculate the remainder when 1556977 is divided by 37070.
37
Calculate the remainder when 6544560 is divided by 2948.
0
What is the remainder when 306365 is divided by 12254?
15
Calculate the remainder when 844165 is divided by 281326.
187
Calculate the remainder when 1106619 is divided by 1322.
105
Calculate the remainder when 110457 is divided by 1104.
57
Calculate the remainder when 5151757 is divided by 1636.
1629
Calculate the remainder when 54453472 is divided by 215.
207
Calculate the remainder when 262934 is divided by 256812.
6122
What is the remainder when 42846 is divided by 39026?
3820
Calculate the remainder when 3289513 is divided by 144.
121
What is the remainder when 3723199 is divided by 102?
97
What is the remainder when 1555388 is divided by 6?
2
What is the remainder when 2385716 is divided by 216?
212
Calculate the remainder when 19178430 is divided by 13.
11
What is the remainder when 129797 is divided by 469?
353
Calculate the remainder when 8667599 is divided by 21.
17
Calculate the remainder when 5758800 is divided by 11.
3
Calculate the remainder when 17340337 is divided by 162059.
24
Calculate the remainder when 605570 is divided by 131.
88
What is the remainder when 3518022 is divided by 24?
6
What is the remainder when 34507269 is divided by 275?
269
Calculate the remainder when 192791 is divided by 1785.
11
Calculate the remainder when 24300879 is divided by 235.
234
Calculate the remainder when 195005 is divided by 32375.
755
What is the remainder when 2690838 is divided by 564?
558
What is the remainder when 3788760 is divided by 28?
24
What is the remainder when 277700830 is divided by 27?
25
Calculate the remainder when 3448 is divided by 742.
480
Calculate the remainder when 164100717 is divided by 3686.
3683
Calculate the remainder when 209130503 is divided by 131.
7
What is the remainder when 1690195 is divided by 689?
78
What is the remainder when 4206129 is divided by 4206035?
94
What is the remainder when 1797271 is divided by 542?
541
What is the remainder when 7227362 is divided by 7227360?
2
What is the remainder when 4083457 is divided by 2735?
102
What is the remainder when 16920 is divided by 445?
10
Calculate the remainder when 109315 is divided by 512.
259
Calculate the remainder when 2344619 is divided by 586144.
43
Calculate the remainder when 19326027 is divided by 3.
0
What is the remainder when 5908666 is divided by 318?
226
Calculate the remainder when 6713255 is divided by 6.
5
What is the remainder when 19026041 is divided by 33?
23
Calculate the remainder when 206211639 is divided by 1289.
1286
What is the remainder when 197950 is divided by 7329?
67
Calculate the remainder when 211294 is divided by 210992.
302
Calculate the remainder when 250288 is divided by 948.
16
Calculate the remainder when 266350 is divided by 1028.
98
Calculate the remainder when 61162 is divided by 561.
13
Calculate the remainder when 376455337 is divided by 7.
6
What is the remainder when 784051 is divided by 1914?
1225
What is the remainder when 128842 is divided by 26?
12
Calculate the remainder when 25436304 is divided by 1695752.
24
What is the remainder when 1029903 is divided by 58?
55
What is the remainder when 160034 is divided by 1270?
14
What is the remainder when 2256334 is divided by 781?
25
Calculate the remainder when 883380626 is divided by 9.
8
Calculate the remainder when 616054 is divided by 24641.
29
What is the remainder when 4615 is divided by 920?
15
Calculate the remainder when 3376113 is divided by 1610.
1553
What is the remainder when 6392315 is divided by 735?
20
What is the remainder when 2223658 is divided by 1912?
2
Calculate the remainder when 48644 is divided by 1895.
1269
What is the remainder when 703664 is divided by 2883?
212
What is the remainder when 2556013 is divided by 3770?
3723
Calculate the remainder when 171657 is divided by 727.
85
Calculate the remainder when 9122846 is divided by 1710.
1706
Calculate the remainder when 97807 is divided by 24341.
443
What is the remainder when 13593 is divided by 593?
547
Calculate the remainder when 2331227 is divided by 466244.
7
Calculate the remainder when 3391527 is divided by 347.
296
What is the remainder when 7325031 is divided by 610419?
3
Calculate the remainder when 9071131 is divided by 2753.
2749
Calculate the remainder when 31509543 is divided by 3560.
3543
What is the remainder when 143022 is divided by 141997?
1025
What is the remainder when 4830706 is divided by 4830044?
662
What is the remainder when 40547694 is divided by 20273835?
24
What is the remainder when 9375 is divided by 7887?
1488
Calculate the remainder when 30213160 is divided by 11.
10
What is the remainder when 6897995 is divided by 186?
185
Calculate the remainder when 29605 is divided by 1088.
229
What is the remainder when 794972 is divided by 121?
2
What is the remainder when 17369486 is divided by 211823?
0
What is the remainder when 1022009 is divided by 13257?
1220
What is the remainder when 20022320 is divided by 20022225?
95
What is the remainder when 370152 is divided by 73663?
1837
What is the remainder when 45828008 is divided by 5728497?
32
Calculate the remainder when 10107187 is divided by 3.
1
What is the remainder when 358732232 is divided by 33?
23
What is the remainder when 2423127 is divided by 351?
174
Calculate the remainder when 207682858 is divided by 22.
20
What is the remainder when 5765652 is divided by 45759?
18
Calculate the remainder when 311853408 is divided by 60.
48
Calculate the remainder when 9015228 is divided by 4441.
4439
What is the remainder when 1247175 is divided by 2032?
1559
Calculate the remainder when 33478 is divided by 2044.
774
Calculate the remainder when 5225999 is divided by 522599.
9
Calculate the remainder when 89768196 is divided by 29922732.
0
Calculate the remainder when 102278 is divided by 8.
6
What is the remainder when 4475188 is divided by 172?
92
What is the remainder when 27013602 is divided by 2474?
2470
What is the remainder when 65505214 is divided by 224?
222
Calculate the remainder when 876425 is divided by 5443.
102
Calculate the remainder when 101268 is divided by 6083.
3940
What is the remainder when 17673071 is divided by 25?
21
Calculate the remainder when 21346 is divided by 1158.
502
Calculate the remainder when 1926391 is divided by 1849.
1582
Calculate the remainder when 3744445 is divided by 14.
5
What is the remainder when 1342 is divided by 7?
5
What is the remainder when 90289 is divided by 159?
136
What is the remainder when 861073 is divided by 172184?
153
Calculate the remainder when 62166695 is divided by 331.
261
What is the remainder when 26373118 is divided by 8080?
8078
Calculate the remainder when 2241917 is divided by 525.
167
What is the remainder when 58420652 is divided by 1784?
4
What is the remainder when 10546829 is divided by 76?
5
What is the remainder when 158038 is divided by 529?
396
Calculate the remainder when 11715598 is divided by 1301731.
19
Calculate the remainder when 841219 is divided by 6.
1
Calculate the remainder when 204170 is divided by 6134.
1748
Calculate the remainder w